 - 12. Suppose 16*h + 22 + 10 = 0. Let y be i(h). Let u = 84 - y. What is m(u)?
-1
Let j(q) = 2*q + 21. Suppose n + 0*n - 4*v = 0, 3*n - 3*v - 18 = 0. Let z be 1643/(-124) - (-10)/n. Determine j(z).
-3
Let y(h) = h**2 - 11*h + 35. Let i(p) = 4*p + 7. Let c be i(0). Let f be y(c). Let o(l) = -l + 5. What is o(f)?
-2
Let h(s) = -1. Let t(r) = -2*r + 8. Let o be (-2)/8 - 275/(-44). Let v be (-6)/9*9/o. Let j(x) = v*t(x) - 6*h(x). Calculate j(-3).
-8
Let d(j) be the third derivative of 11*j**4/8 + j**3/2 + 3789*j**2. Calculate d(2).
69
Let q(c) = -c**2 - 21*c - 87. Let o be q(-15). Suppose -o + 15 = 3*i. Let u(r) = 6*r - 5. Determine u(i).
19
Let j(o) = -o**3 - 4*o**2 - 2*o - 1. Suppose -20 = 7*u - 2*u. Let i(q) = -q**2 - 2*q - 2. Let l be i(u). Let t be (-18)/54 - l/(-6). Give j(t).
-5
Let c(k) = -41*k - 262. Let m be c(-7). Let q(b) = b**3 - 24*b**2 - 26*b + 11. Determine q(m).
-14
Let y(b) = -15 + 39083*b - 39068*b - 8*b**2 + 7*b**2. Give y(13).
11
Let a be (3 - 6)/(-3)*4. Let f(y) = a - 7*y**2 - 6*y - 7 - 4 - 2 + y**3. Let p be (4 + 112/(-10) + 4)/((-6)/15). Determine f(p).
7
Suppose 0 = l - 29 + 20. Let n(p) = l - 19 - p**2 + 10. Let z be (-126)/35 - 3/(-5). Give n(z).
-9
Let x(q) be the third derivative of 13/6*q**3 - 1/12*q**4 + 0*q + 0 - 89*q**2. Calculate x(10).
-7
Let r be 3/((18/174)/((-2)/(-2))). Let u = 108 - r. Let d(n) = -3*n + 2*n - 69 + u. Determine d(0).
10
Let t be (-23)/115 + (-82)/10*4. Let z be 2/10 - -34*t/110. Let y(n) = n**3 + 10*n**2 + 3*n + 15. Give y(z).
-15
Suppose 0 = 2*x + 6 + 44. Let t = -233 - -235. Let p be ((12/30)/(1/x))/t. Let n(a) = a + 8. Give n(p).
3
Let o(g) = g + g**2 - 2*g**2 - 6*g - 2. Suppose -z - 12 = -5*t, -2*z - t - 26 = 9. Let p(f) = -f**3 - 17*f**2 - 2*f - 40. Let i be p(z). Calculate o(i).
-8
Let g(a) be the third derivative of a**6/120 + 7*a**5/60 - a**4/3 + 5*a**3/6 + 53*a**2. Let r(w) = -w**3 + 50*w**2 - 92*w - 200. Let x be r(48). Give g(x).
5
Let y(q) = -2*q - 7. Let g be ((-2)/4 - (-21)/42) + -1. Let f(r) = 2. Let j(x) = g*y(x) - 3*f(x). Let l(s) = s**2 - s - 1. Let u be l(0). Give j(u).
-1
Suppose 203 + 197 = 5*k. Let i(x) = -2*x + 91 - k + 3*x. Let z = 41 + -47. Give i(z).
5
Let r = 306 + -282. Suppose 0 = 11*v + 42 + r. Let c(w) = -3*w - 9. Give c(v).
9
Let j(x) = 40*x - 2126. Let a be j(53). Let n(l) = -3*l - 2. Let i(w) = -w - 1. Let k(d) = 2*i(d) - n(d). Determine k(a).
-6
Let i(r) = 3*r + 9. Suppose 144*d - v - 25 = 148*d, -20 = 4*v. What is i(d)?
-6
Suppose x = -5*b + 9, -5*x = -2*x - 12. Let o(k) be the second derivative of -3*k**4/2 + k**2/2 - 81775*k. Calculate o(b).
-17
Let l(k) = 17 + 10 - 38 - 42*k + 8 + 7. What is l(1)?
-38
Suppose -3*r = -4*w - 25, 5*r - 2*w + 14 - 37 = 0. Suppose 29 = -r*s + 50. Suppose b = -s*b - 64. Let o(c) = -c**3 - 9*c**2 - 7*c + 10. Determine o(b).
2
Let y = 25488 + -50973/2. Let q(j) be the first derivative of -20 - y*j**2 - 3*j. Calculate q(-3).
6
Let n(h) = -28*h**3 - h**2 + 2*h - 1. Suppose -2*s - 6 + 20 = -4*p, -4*s = 4*p + 8. Calculate n(s).
-28
Let b(a) = -2*a - 3. Suppose -10*w + 7*w = 279. Let s = w - 3. Let o = s + 89. Determine b(o).
11
Let o(w) be the first derivative of -23/3*w**3 + 0*w**2 + 3 + w. Let g(n) = -2*n - 11. Let c be g(-6). Give o(c).
-22
Suppose -399*i + 63 = 3*t - 403*i, 4*i = 7*t - 179. Let c(v) = v**2 - 25*v - 127. What is c(t)?
-11
Let i(a) be the third derivative of -a**6/120 - a**5/30 - a**4/24 + 22*a**3/3 + 19*a**2 - 20. Calculate i(0).
44
Let x(r) = r**2 - 7*r - 6. Let n(p) = -p**3 - 52*p**2 - 54*p - 155. Let h be n(-51). Determine x(h).
12
Suppose i - 6*p + 6 = -3*p, 18 = -3*i - 2*p. Let o(g) be the third derivative of -g**6/120 - g**5/12 + 5*g**4/24 + 2*g**3/3 - 8*g**2. What is o(i)?
10
Let d(n) = -2*n**2 + 4*n**2 - 2 + n - 5*n**2 + 4*n**2 + 0*n**2. Suppose 9*y - 5 = 4*y + 5*o, -3*y + o = 7. Give d(y).
10
Let d(z) be the third derivative of -z**4/24 - 4*z**3/3 + 2*z**2 + z - 29. Let b be ((-39)/(-9) + -1)*-3. Calculate d(b).
2
Let v(f) = 1978 + 1982 - 3*f + f - 3920. Give v(19).
2
Let n(p) be the first derivative of p**4/4 - 8*p**3/3 + 19*p**2/2 - 85*p + 7494. Give n(7).
-1
Let j(f) = 4*f**2 - 6 + 5 + 4*f + f**3 + f**2 + 5. Suppose -2*l - 2*b - 10 = 0, -2*l + 233*b - 236*b - 11 = 0. Calculate j(l).
4
Let s(x) = x**2 - 7*x - 1. Let z = 20 + -19. Let v be 4*z/(-10) - (-546)/15. Suppose -8*d + v = -36. Calculate s(d).
17
Suppose 23*z - 13*z - 500 = 0. Suppose -17*d = -7*d + z. Let x(f) = 5*f**2 - 5*f**3 + f - 4 + 4*f**3 + 2*f**3. Calculate x(d).
-9
Suppose -3 = 4*u + 2*w - 17, -u + 2*w = -1. Let c(h) = 740*h + 3*h**2 - 1 + h**u - 740*h. Calculate c(-4).
-17
Let l(b) = 2*b**2 - 32*b + 13. Let v(w) = -w**2 + 17*w - 6. Let y(q) = 4*l(q) + 7*v(q). Give y(8).
2
Let n(a) = 6*a + 5. Let t be (124/24)/((-1)/(-6)). Let r = 31 - t. Let b be n(r). Let g(k) = -k**3 + 6*k**2 - 6*k + 1. Determine g(b).
-4
Let g(o) = 11*o**3 + 5*o**2 + 19*o + 11. Let w(n) = -2*n**3 + n**2 - n. Let i(t) = -g(t) - 6*w(t). Calculate i(12).
-23
Let o(l) be the third derivative of -l**6/120 - 7*l**5/60 + l**4/4 - 7*l**3/6 - 655*l**2. Calculate o(-8).
9
Let x(t) = t**3 - 2*t**2 - 7*t + 2. Suppose 6*z = 550 - 208. Suppose 3*g - z = -72, -m + 15 = -2*g. Give x(m).
42
Let a(r) = r. Let v(c) = -c**2 + 5*c + 5. Let b = -41 + 46. Let w be v(b). Let t be (-132)/30 + 2/w. What is a(t)?
-4
Let r(v) be the third derivative of v**5/60 + v**4/4 - v**3/6 + 47*v**2 + 2*v. Give r(-6).
-1
Let r(z) = -6*z**2 + z. Let u(l) be the second derivative of 13*l**4/12 - 2*l**3 + 6*l**2 + 43*l. Let h(j) = 2*r(j) + u(j). Suppose 2*p - 8 = p. What is h(p)?
-4
Suppose -2*u - 3*u = 3*i - 33, -2*i - 35 = -3*u. Let x(n) = -12 + u*n - 23 - 15 + 18. Let h be x(4). Let k(f) = f**3 - 2*f**2 - 7*f + 5. Determine k(h).
9
Let y be -5 - (-20)/(-5)*-24. Suppose -6*i = 7*i + y. Let m(u) = -u - 15. Calculate m(i).
-8
Let m(z) be the third derivative of z**6/60 + z**5/12 + z**4/8 + z**3/2 - 133*z**2 - 10*z. Give m(-5).
-137
Let v(a) = -3*a - 10. Let r be v(-6). Let l(b) be the third derivative of b**5/60 - b**4/3 + 2*b**3/3 + 22*b**2 - 1. What is l(r)?
4
Let l(n) = -6*n**2 + 106*n + 214. Let h be l(-2). Let a(x) = -23*x - 505. Calculate a(h).
1
Let w(j) = 118*j**2 - 3 - 131*j**2 + 32*j - 26*j + 3 + 1. Give w(-1).
-18
Let d(n) = -4*n - 4 + 6 - n. Let p(g) = g**2 - 6*g + 6. Suppose 0 = 5*o + 25, -i + 14*o - 12*o + 14 = 0. Let z be p(i). Determine d(z).
12
Let y(i) be the second derivative of -i**3 - 37*i**2 + 506*i. Calculate y(-12).
-2
Suppose 0 = 368*z - 367*z + 16. Let y(g) = -10*g. Let t(r) = 56*r. Let w(c) = z*y(c) - 3*t(c). Let m(k) = -k + 4. Let o be m(3). What is w(o)?
-8
Let k(i) = -i**3 - 3*i**2 - 2*i + 2. Let a = -75 + 295. Let b = a + -222. Give k(b).
2
Let m = -132 + 141. Suppose 5*f + m = 4*p, 3*f + 6*p - 11*p = 5. Let x(r) = r**2 + 6*r - 3. Give x(f).
-8
Let s be 140/(-84) - 11/(-3). Let c(d) = 15463 - 15458 + 3*d - s*d. Give c(0).
5
Let u(k) = -k**3 - 7*k**2 - 13*k - 25. Suppose 41 - 28 = -5*g - 2*m, -5*g - m - 14 = 0. What is u(g)?
-22
Let m(u) = -2*u**2 + u + 2. Let s(p) = -20*p**2 + 2*p + 26. Let w(v) = 9*m(v) - s(v). Determine w(-5).
7
Let p(y) be the second derivative of y**5/20 - y**4 - 8*y**3/3 + 9*y**2/2 + 1393*y. Determine p(13).
-30
Let i = -94 + 116. Suppose -9*x = 2*x - i. Let p(s) = -5*s - 6*s**2 + 2*s**x + 0 + 5*s**2 - 2. Calculate p(6).
4
Let b(j) be the second derivative of 5*j**3/6 - j**2 - 3*j - 2280. Let h = -6 - -8. Determine b(h).
8
Let b(c) = -c**2 + 26*c + 161. Let j(d) = d**2 + 38*d + 331. Let o be j(-14). What is b(o)?
6
Suppose 0 = o - 5*n - 32, 2*o = 2*n + n + 29. Let d(w) be the third derivative of -w**5/60 + 5*w**4/24 + 4*w**3/3 + 3*w**2 - 11*w. Calculate d(o).
-6
Let g(m) = -2*m**2 + 117*m - 1653. Let i be g(24). Let z(r) = 116*r - 341. What is z(i)?
7
Let j(w) = 5*w**3 - 159*w**2 + 2*w - 6. Let a(d) = -6*d**3 + 186*d**2 - 2*d + 8. Let p(b) = 6*a(b) + 7*j(b). Calculate p(4).
-2
Let g(q) = 48*q**2 + 353*q + 1567. Let l(o) = 13*o**2 + 96*o + 427. Let k(h) = 10*g(h) - 37*l(h). Give k(-9).
-12
Suppose -46*b = -64*b - 72. Let l(r) be the second derivative of -r**3/2 + r**2/2 - 117*r. Calculate l(b).
13
Let j(q) = 32*q**3 + 9 + 46 - q - 144 + 41 + 47 + q**2. Suppose 2*i + 3*u + 1 + 1 = 0, -5*u = -5*i - 5. Calculate j(i).
-31
Let n(b) = -7*b - 47. Suppose -24